hat is -2300212200 + -3?
-2300212203
In base 14, what is -5d1 - 1c?
-60d
In base 13, what is 930b + 4?
9312
In base 7, what is 1 + -62010?
-62006
In base 2, what is -1110111101000 - 1?
-1110111101001
In base 14, what is 2 - -18bd2d?
18bd31
In base 2, what is 11111100011010000001111 + 11?
11111100011010000010010
In base 2, what is 1 - -1010000111001001?
1010000111001010
In base 10, what is -1606 + -4?
-1610
In base 2, what is -11101101 - 1000?
-11110101
In base 15, what is 4 - 8eb7?
-8eb3
In base 12, what is -1727 - 40?
-1767
In base 3, what is -1100222122220 + 2?
-1100222122211
In base 11, what is -6 + -36595?
-365a0
In base 7, what is -31 + 115546?
115515
In base 6, what is 351 - -24402?
25153
In base 16, what is -e3 - -6d2?
5ef
In base 9, what is -67526 + 35?
-67481
In base 7, what is -44 + 113?
36
In base 7, what is 2 + 462343?
462345
In base 2, what is 11000 - -111001010101?
111001101101
In base 8, what is 311 + 341?
652
In base 13, what is -3530a + -5?
-35312
In base 12, what is 1b9 - -8b?
288
In base 11, what is -a - 69?
-78
In base 3, what is -20001010010 - -10?
-20001010000
In base 6, what is -130024351 + 0?
-130024351
In base 6, what is -44 - -20201?
20113
In base 4, what is -30 - 330323?
-331013
In base 10, what is -65634 - 5?
-65639
In base 8, what is -1 - 33570?
-33571
In base 13, what is -645a5b - -4?
-645a57
In base 10, what is -6999 - -281?
-6718
In base 11, what is -7346 + -2?
-7348
In base 12, what is 11629 + 17?
11644
In base 2, what is -1010111011111 - -1001?
-1010111010110
In base 7, what is -5335 - 2?
-5340
In base 16, what is 37 - -8831?
8868
In base 11, what is 57212a + 5?
572134
In base 7, what is 114 + 3451?
3565
In base 5, what is 1 - 23114040?
-23114034
In base 10, what is 19 - 386?
-367
In base 8, what is 44625 - -44?
44671
In base 14, what is 6d5d + 1?
6d60
In base 6, what is 5532 + -243?
5245
In base 3, what is -21201 + 10200?
-11001
In base 16, what is -3 + -c88?
-c8b
In base 4, what is 2111 + -2111?
0
In base 6, what is -12314 - 2213?
-14531
In base 8, what is 1223464 - -2?
1223466
In base 12, what is -6 - 37035?
-3703b
In base 8, what is -2745 - -54?
-2671
In base 4, what is 2333111 + 2?
2333113
In base 11, what is -201a8 - 10?
-20208
In base 13, what is b107 - -c?
b116
In base 15, what is b624 + 4?
b628
In base 11, what is 35 - -164?
199
In base 4, what is 1200001 - -22?
1200023
In base 7, what is -101666 + 6?
-101660
In base 3, what is 1201220200 + -1?
1201220122
In base 10, what is 18834 + 0?
18834
In base 12, what is -5 - 22124?
-22129
In base 2, what is -1010011101 + -100100010?
-1110111111
In base 8, what is 1 + 1104?
1105
In base 7, what is 31440 + 1?
31441
In base 16, what is 2ba - 0?
2ba
In base 11, what is -1a4624 + 0?
-1a4624
In base 15, what is -6c - 2bd3?
-2c50
In base 15, what is -26ad54 + 3?
-26ad51
In base 3, what is -100101020 + 12?
-100101001
In base 6, what is -1 + 15114405?
15114404
In base 13, what is -9 - 1611?
-161a
In base 14, what is c94d0 + -1?
c94cd
In base 8, what is -3275 + 21?
-3254
In base 14, what is -1 - -7bb?
7ba
In base 12, what is -2 + -1aa16?
-1aa18
In base 9, what is 3044 - 7?
3036
In base 11, what is -5 - 63136?
-63140
In base 5, what is -2233 + -144?
-2432
In base 8, what is 25452 + -2?
25450
In base 2, what is -110011010011 + -11011000?
-110110101011
In base 9, what is -4451 + 15?
-4435
In base 7, what is 1412 - -3303?
5015
In base 7, what is 31 - 22345?
-22314
In base 9, what is -75 - 834?
-1020
In base 13, what is -36511 - 29?
-3653a
In base 11, what is -4 + -12a79?
-12a82
In base 4, what is -20 + 10322132?
10322112
In base 8, what is 32444 + -4?
32440
In base 6, what is 3522314 + 32?
3522350
In base 3, what is 1202 + -221011212?
-221010010
In base 5, what is 24022 + -23?
23444
In base 15, what is 10 - -4041?
4051
In base 5, what is -44401210 + -1?
-44401211
In base 2, what is -100010011001110100 + -11?
-100010011001110111
In base 2, what is -100 + -1011010000011000101?
-1011010000011001001
In base 15, what is -94 + -d5?
-179
In base 12, what is 4 + -396?
-392
In base 4, what is -330212 + -21?
-330233
In base 9, what is -2 + 20841?
20838
In base 15, what is 4a - -b1?
10b
In base 10, what is 31050 + 0?
31050
In base 15, what is -8 - -59d5?
59cc
In base 6, what is 20204 + 1?
20205
In base 6, what is 1 - 4330121?
-4330120
In base 16, what is 27 - 2c6?
-29f
In base 11, what is 71a + 45?
764
In base 6, what is -224101 - 2?
-224103
In base 9, what is 1885 + -1641?
244
In base 12, what is -2092458 + 0?
-2092458
In base 8, what is -5615 - -143?
-5452
In base 16, what is 700 + -a4?
65c
In base 14, what is 7308 - -5?
730d
In base 9, what is -15 - -480?
464
In base 10, what is -3 - -54698?
54695
In base 3, what is -210011011011 + -11?
-210011011022
In base 3, what is 0 + 2120021000000?
2120021000000
In base 6, what is -41 + -2053113?
-2053154
In base 9, what is -44112 + 4?
-44107
In base 7, what is -26130 + -232?
-26362
In base 4, what is 0 + 2300210212?
2300210212
In base 10, what is 358652 - 3?
358649
In base 16, what is -ee9 - -b?
-ede
In base 10, what is 4 + -81215?
-81211
In base 4, what is -20210 - 1022030?
-1102300
In base 12, what is -41 + 2716?
2695
In base 3, what is 10200021210 - -100?
10200022010
In base 4, what is -3 - -1020001130?
1020001121
In base 6, what is 122 - 1503?
-1341
In base 9, what is -1 + -3034173?
-3034174
In base 16, what is -3 - 487d?
-4880
In base 4, what is -1313 - 21323?
-23302
In base 10, what is 20 + -136?
-116
In base 15, what is 1 + 826a?
826b
In base 7, what is 45 - 2006?
-1631
In base 4, what is 3331001 + 3?
3331010
In base 5, what is 0 - 11411232?
-11411232
In base 2, what is 11 + -11111110000?
-11111101101
In base 12, what is -185 - 451?
-616
In base 15, what is 5 + a16?
a1b
In base 11, what is 1740 - a9?
1642
In base 5, what is 20400 - 144344?
-123444
In base 2, what is -1101000 - -101110111?
100001111
In base 10, what is 156 + -1332?
-1176
In base 7, what is 4 - -1164430?
1164434
In base 11, what is -71637 + 1?
-71636
In base 8, what is -3041305 + -1?
-3041306
In base 7, what is -213 + 120?
-63
In base 15, what is a - -ce86?
ce91
In base 3, what is -22 - 11022020002?
-11022020101
In base 3, what is -1111200211 + -1?
-1111200212
In base 4, what is -1 - 123000112?
-123000113
In base 14, what is 27 - -aca?
b13
In base 3, what is 1011 - -101021?
102102
In base 4, what is 102310 + 1003?
103313
In base 13, what is -8a7 + -4a?
-924
In base 11, what is 35916 - a?
35907
In base 15, what is -218d7 + -15?
-218ec
In base 9, what is 1150 + -6?
1143
In base 16, what is -1 + -1e65?
-1e66
In base 16, what is -8 + 2e5d?
2e55
In base 2, what is -100010011 - 1011100?
-101101111
In base 14, what is 77509 + c?
77517
In base 16, what is -11d6d - 5?
-11d72
In base 2, what is 1 + 10000011111110?
10000011111111
In base 11, what is -a89 - -3?
-a86
In base 2, what is 100000101010 - 101?
100000100101
In base 5, what is -20141 + -34?
-20230
In base 2, what is 10001001111101 + -11?
10001001111010
In base 7, what is 314 + 223?
540
In base 11, what is -246 - 59?
-2a4
In base 11, what is -5741 - -3a2?
-534a
In base 13, what is 31b398 + 0?
31b398
In base 13, what is -182 - 2c?
-1b1
In base 13, what is -195 - 625?
-7ba
In base 8, what is -43 - -7121?
7056
In base 7, what is 60142 + 14?
60156
In base 13, what is c50cc9 - 0?
c50cc9
In base 15, what is -53 - -3ee?
39b
In base 15, what is 4 - 4556c?
-45568
In base 2, what is 11011001 - 11111011?
-100010
In base 13, what is 5594 - -122?
56b6
In base 16, what is -5 - 3751?
-3756
In base 3, what is -211000010 - 110?
-211000120
In base 5, what is 402130220 - 4?
402130211
In base 3, what is -2111 - 211?
-10022
In base 6, what is -1204 - 3425?
-5033
In base 8, what is -7073 + 24?
-7047
In base 9, what is -28885 + -8?
-30004
In base 9, what is -537 + -6787?
-7435
In base 9, what is -671 + 1302?
521
In base 14, what is d0 - -9ac?
a9c
In base 13, what is 86 + -2c25?
-2b6c
In base 4, what is 1111 - -2110000?
2111111
In base 10, what is 128 + 7426?
7554
In base 2, what is -1111001111011011010 + 100?
-1111001111011010110
In base 3, what is -1101021 - 1121012?
-2222110
In base 2, what is -101 - 11101011110100?
-11101011111001
In base 11, what is a9 - -49a?
598
In base 15, what is bbaa - 2?
bba8
In base 4, what is 1003323 - -3?
100333